{"id":42,"date":"2023-02-08T15:10:53","date_gmt":"2023-02-08T20:10:53","guid":{"rendered":"https:\/\/tribunalsuperiortunja-gov-co.preview-domain.com\/?page_id=42"},"modified":"2026-01-19T16:43:41","modified_gmt":"2026-01-19T21:43:41","slug":"area-servidores","status":"publish","type":"page","link":"https:\/\/tribunalsuperiortunja.gov.co\/?page_id=42","title":{"rendered":"\u00c1rea Servidores"},"content":{"rendered":"\n<div class=\"wp-block-uagb-advanced-heading uagb-block-6787f761\"><h1 class=\"uagb-heading-text\"><strong>SOLICITUDES DE PERMISOS, COMISIONES O LICENCIA<\/strong>S<\/h1><\/div>\n\n\n\n<div class=\"wp-block-columns are-vertically-aligned-center is-layout-flex wp-container-core-columns-is-layout-9d6595d7 wp-block-columns-is-layout-flex\">\n<div class=\"wp-block-column is-vertically-aligned-center is-layout-flow wp-block-column-is-layout-flow\"><\/div>\n<\/div>\n\n\n\n<p>Con el \u00e1nimo de mejorar nuestros procesos, estandarizaci\u00f3n de solicitudes y mayor eficiencia en las respuestas, se dispuso que la radicaci\u00f3n de sus peticiones de permiso, comisi\u00f3n y licencia se hagan a trav\u00e9s de esta p\u00e1gina. \u00a0<\/p>\n\n\n\n<p>El formulario de solicitud de permisos, \u00fanicamente esta destinado &nbsp;a los Jueces y Magistrados de la Jurisdicci\u00f3n Ordinaria del Distrito Judicial de Tunja. Tenga Presente que todas las solicitudes est\u00e1n sujetas a verificaci\u00f3n.<\/p>\n\n\n\n<div class=\"wp-block-uagb-container uagb-block-85f90b4f alignfull uagb-is-root-container\"><div class=\"uagb-container-inner-blocks-wrap\">\n<div class=\"wp-block-uagb-container uagb-block-aac3d2fa\"><div class=\"wp-block-image\">\n<figure class=\"aligncenter size-full is-resized\"><img loading=\"lazy\" decoding=\"async\" width=\"203\" height=\"249\" src=\"https:\/\/tribunalsuperiortunja.gov.co\/wp-content\/uploads\/2023\/04\/descarga.png\" alt=\"\" class=\"wp-image-153\" style=\"width:66px;height:auto\"\/><\/figure><\/div>\n\n\n<p><a href=\"https:\/\/tribunalsuperiortunja.gov.co\/wp-content\/uploads\/2025\/12\/CIRCULARES-2025-013.pdf\" target=\"_blank\" rel=\"noreferrer noopener\"><strong>Circular 013 de 04 de diciembre de 2025 <\/strong>(Lineamientos para Tr\u00e1mites ante el Tribunal)<\/a><\/p>\n<\/div>\n\n\n\n<div class=\"wp-block-uagb-container uagb-block-a368157f\"><div class=\"wp-block-image\">\n<figure class=\"aligncenter size-full is-resized\"><img loading=\"lazy\" decoding=\"async\" width=\"203\" height=\"249\" src=\"https:\/\/tribunalsuperiortunja.gov.co\/wp-content\/uploads\/2023\/04\/descarga.png\" alt=\"\" class=\"wp-image-153\" style=\"width:66px;height:auto\"\/><\/figure><\/div>\n\n\n<p><a href=\"https:\/\/tribunalsuperiortunja.gov.co\/wp-content\/uploads\/2025\/10\/007.-Circular-009-1.pdf\" target=\"_blank\" rel=\"noreferrer noopener\"><strong>Circular 009 de 23 de septiembre de 2025 <\/strong>(PRESENTACION DE INFORMES DE CUMPLIMIENTO DE COMISIONES DE SERVICIO)<\/a><\/p>\n\n\n<div class=\"wp-block-image\">\n<figure class=\"aligncenter size-full is-resized\"><img loading=\"lazy\" decoding=\"async\" width=\"512\" height=\"512\" src=\"https:\/\/tribunalsuperiortunja.gov.co\/wp-content\/uploads\/2025\/10\/texto.png\" alt=\"\" class=\"wp-image-1351\" style=\"width:81px;height:auto\" srcset=\"https:\/\/tribunalsuperiortunja.gov.co\/wp-content\/uploads\/2025\/10\/texto.png 512w, https:\/\/tribunalsuperiortunja.gov.co\/wp-content\/uploads\/2025\/10\/texto-300x300.png 300w, https:\/\/tribunalsuperiortunja.gov.co\/wp-content\/uploads\/2025\/10\/texto-150x150.png 150w\" sizes=\"auto, (max-width: 512px) 100vw, 512px\" \/><\/figure><\/div>\n\n\n<p><a href=\"https:\/\/tribunalsuperiortunja.gov.co\/wp-content\/uploads\/2025\/10\/008.-Plantilla_Informe_Comision_Servicios.docx\" target=\"_blank\" rel=\"noreferrer noopener\"><strong>Descargar formato de Informe de comisi\u00f3n de servicios<\/strong><\/a> <\/p>\n<\/div>\n\n\n\n<div class=\"wp-block-uagb-container uagb-block-7108fc79\"><div class=\"wp-block-image\">\n<figure class=\"aligncenter size-full is-resized\"><img loading=\"lazy\" decoding=\"async\" width=\"203\" height=\"249\" src=\"https:\/\/tribunalsuperiortunja.gov.co\/wp-content\/uploads\/2023\/04\/descarga.png\" alt=\"\" class=\"wp-image-153\" style=\"width:66px;height:auto\"\/><\/figure><\/div>\n\n\n<p><a href=\"https:\/\/tribunalsuperiortunja.gov.co\/wp-content\/uploads\/2025\/10\/005.-Circular-007-1.pdf\" target=\"_blank\" rel=\"noreferrer noopener\"><strong>Circular 007 de 23 de septiembre de 2025 <\/strong>(RATIFICACI\u00d3N DE PLAZOS PARA PRESENTACI\u00d3N DE SOLICITUDES ANTE SALA PLENA Y SALA DE GOBIERNO)<\/a><\/p>\n<\/div>\n<\/div><\/div>\n\n\n\n<div class=\"wp-block-uagb-container uagb-block-ff61881f alignfull uagb-is-root-container\"><div class=\"uagb-container-inner-blocks-wrap\">\n<p class=\"has-text-align-center\">A continuaci\u00f3n, se relacionan <strong>las fechas de las Salas Plenas y de Gobierno ordinarias para el a\u00f1o 2026<\/strong>:<\/p>\n\n\n<div class=\"wp-block-image\">\n<figure class=\"aligncenter size-full\"><img loading=\"lazy\" decoding=\"async\" width=\"416\" height=\"177\" src=\"https:\/\/tribunalsuperiortunja.gov.co\/wp-content\/uploads\/2025\/12\/image.png\" alt=\"\" class=\"wp-image-1751\" srcset=\"https:\/\/tribunalsuperiortunja.gov.co\/wp-content\/uploads\/2025\/12\/image.png 416w, https:\/\/tribunalsuperiortunja.gov.co\/wp-content\/uploads\/2025\/12\/image-300x128.png 300w\" sizes=\"auto, (max-width: 416px) 100vw, 416px\" \/><\/figure><\/div><\/div><\/div>\n\n\n<div class=\"wp-block-image\">\n<figure class=\"aligncenter size-full is-resized\"><img loading=\"lazy\" decoding=\"async\" width=\"170\" height=\"289\" src=\"https:\/\/tribunalsuperiortunja.gov.co\/wp-content\/uploads\/2024\/03\/arrow_orange1-edited.png\" alt=\"\" class=\"wp-image-595\" style=\"aspect-ratio:0.53515625;width:77px;height:auto\"\/><\/figure><\/div>\n\n            <div class=\"oxi-addons-container noLightbox oxi-image-hover-wrapper-3 \" id=\"oxi-image-hover-wrapper-3\">\n                <div class=\"oxi-addons-row\">\n                                <div class=\"oxi-image-hover-style oxi-bt-col-lg-12 oxi-bt-col-md-12 oxi-bt-col-sm-12                         \" sa-data-animation=\"zoomIn\" sa-data-animation-offset=\"100%\" sa-data-animation-delay=\"0ms\" sa-data-animation-duration=\"1000ms\">\n                <div class=\"oxi-image-hover-style-general\">\n                    <div class=\"oxi-image-hover oxi-image-general-hover oxi-image-general-hover-style-2 oxi-image-general-hover-3-4\">\n                                                    <a  href=\"https:\/\/adrina.tribunalsuperiortunja.gov.co\/request.jsf\" target=\"_blank\" rel=\"nofollow\">\n                                                            <div class=\"oxi-image-hover-figure left_to_right\">\n                                <div class=\"oxi-image-hover-image\">\n                                    <img decoding=\"async\" src=\"http:\/\/tribunalsuperiortunja.gov.co\/wp-content\/uploads\/2023\/02\/Permiso.jpg\" >\n                                <\/div>\n                                <div class=\"oxi-image-hover-figure-caption\">\n                                    <div class=\"oxi-image-hover-caption-tab   image-hover-align-center-center\">\n                                                                                    <h3 class=\"oxi-image-hover-heading iheu-fade-up                                                                                         \">Solicitudes de permisos, comisiones o licencias<\/h3>\n                                                                                                                            <\/div>\n                                <\/div>\n                            <\/div>\n                                                        <\/a>\n\t\t\t\t\t\t\t\t                    <\/div>\n                <\/div> \n                            <\/div>\n                            <\/div>\n            <\/div>\n\t\t\t\n\n\n\n<p>En caso de necesitar adjuntar informaci\u00f3n adicional, favor enviarla al correo electr\u00f3nico institucional &nbsp;ptribstun@cendoj.ramajudicial.gov.co<\/p>\n\n\n\n<p><\/p>\n","protected":false},"excerpt":{"rendered":"<p>SOLICITUDES DE PERMISOS, COMISIONES O LICENCIAS Con el \u00e1nimo de mejorar nuestros procesos, estandarizaci\u00f3n de solicitudes y mayor eficiencia en las respuestas, se dispuso que la radicaci\u00f3n de sus peticiones de permiso, comisi\u00f3n y licencia se hagan a trav\u00e9s de esta p\u00e1gina. \u00a0 El formulario de solicitud de permisos, \u00fanicamente esta destinado &nbsp;a los Jueces [&hellip;]<\/p>\n","protected":false},"author":1,"featured_media":0,"parent":0,"menu_order":0,"comment_status":"closed","ping_status":"closed","template":"","meta":{"_uag_custom_page_level_css":"","footnotes":""},"class_list":["post-42","page","type-page","status-publish","hentry","post"],"yoast_head":"<!-- This site is optimized with the Yoast SEO plugin v27.1.1 - https:\/\/yoast.com\/product\/yoast-seo-wordpress\/ -->\n<title>\u00c1rea Servidores - Tribunal Superior del Distrito Judicial de Tunja<\/title>\n<meta name=\"robots\" content=\"index, follow, max-snippet:-1, max-image-preview:large, max-video-preview:-1\" \/>\n<link rel=\"canonical\" href=\"https:\/\/tribunalsuperiortunja.gov.co\/?page_id=42\" \/>\n<meta property=\"og:locale\" content=\"es_ES\" \/>\n<meta property=\"og:type\" content=\"article\" \/>\n<meta property=\"og:title\" content=\"\u00c1rea Servidores - Tribunal Superior del Distrito Judicial de Tunja\" \/>\n<meta property=\"og:description\" content=\"SOLICITUDES DE PERMISOS, COMISIONES O LICENCIAS Con el \u00e1nimo de mejorar nuestros procesos, estandarizaci\u00f3n de solicitudes y mayor eficiencia en las respuestas, se dispuso que la radicaci\u00f3n de sus peticiones de permiso, comisi\u00f3n y licencia se hagan a trav\u00e9s de esta p\u00e1gina. \u00a0 El formulario de solicitud de permisos, \u00fanicamente esta destinado &nbsp;a los Jueces [&hellip;]\" \/>\n<meta property=\"og:url\" content=\"https:\/\/tribunalsuperiortunja.gov.co\/?page_id=42\" \/>\n<meta property=\"og:site_name\" content=\"Tribunal Superior del Distrito Judicial de Tunja\" \/>\n<meta property=\"article:modified_time\" content=\"2026-01-19T21:43:41+00:00\" \/>\n<meta property=\"og:image\" content=\"https:\/\/tribunalsuperiortunja.gov.co\/wp-content\/uploads\/2023\/04\/descarga.png\" \/>\n<meta name=\"twitter:card\" content=\"summary_large_image\" \/>\n<meta name=\"twitter:label1\" content=\"Tiempo de lectura\" \/>\n\t<meta name=\"twitter:data1\" content=\"2 minutos\" \/>\n<script type=\"application\/ld+json\" class=\"yoast-schema-graph\">{\"@context\":\"https:\/\/schema.org\",\"@graph\":[{\"@type\":\"WebPage\",\"@id\":\"https:\/\/tribunalsuperiortunja.gov.co\/?page_id=42\",\"url\":\"https:\/\/tribunalsuperiortunja.gov.co\/?page_id=42\",\"name\":\"\u00c1rea Servidores - Tribunal Superior del Distrito Judicial de Tunja\",\"isPartOf\":{\"@id\":\"https:\/\/tribunalsuperiortunja.gov.co\/#website\"},\"primaryImageOfPage\":{\"@id\":\"https:\/\/tribunalsuperiortunja.gov.co\/?page_id=42#primaryimage\"},\"image\":{\"@id\":\"https:\/\/tribunalsuperiortunja.gov.co\/?page_id=42#primaryimage\"},\"thumbnailUrl\":\"https:\/\/tribunalsuperiortunja.gov.co\/wp-content\/uploads\/2023\/04\/descarga.png\",\"datePublished\":\"2023-02-08T20:10:53+00:00\",\"dateModified\":\"2026-01-19T21:43:41+00:00\",\"breadcrumb\":{\"@id\":\"https:\/\/tribunalsuperiortunja.gov.co\/?page_id=42#breadcrumb\"},\"inLanguage\":\"es\",\"potentialAction\":[{\"@type\":\"ReadAction\",\"target\":[\"https:\/\/tribunalsuperiortunja.gov.co\/?page_id=42\"]}]},{\"@type\":\"ImageObject\",\"inLanguage\":\"es\",\"@id\":\"https:\/\/tribunalsuperiortunja.gov.co\/?page_id=42#primaryimage\",\"url\":\"https:\/\/tribunalsuperiortunja.gov.co\/wp-content\/uploads\/2023\/04\/descarga.png\",\"contentUrl\":\"https:\/\/tribunalsuperiortunja.gov.co\/wp-content\/uploads\/2023\/04\/descarga.png\",\"width\":203,\"height\":249},{\"@type\":\"BreadcrumbList\",\"@id\":\"https:\/\/tribunalsuperiortunja.gov.co\/?page_id=42#breadcrumb\",\"itemListElement\":[{\"@type\":\"ListItem\",\"position\":1,\"name\":\"Portada\",\"item\":\"https:\/\/tribunalsuperiortunja.gov.co\/\"},{\"@type\":\"ListItem\",\"position\":2,\"name\":\"\u00c1rea Servidores\"}]},{\"@type\":\"WebSite\",\"@id\":\"https:\/\/tribunalsuperiortunja.gov.co\/#website\",\"url\":\"https:\/\/tribunalsuperiortunja.gov.co\/\",\"name\":\"Tribunal Superior del Distrito Judicial de Tunja\",\"description\":\"Tribunal Superior del Distrito Judicial de Tunja\",\"publisher\":{\"@id\":\"https:\/\/tribunalsuperiortunja.gov.co\/#organization\"},\"potentialAction\":[{\"@type\":\"SearchAction\",\"target\":{\"@type\":\"EntryPoint\",\"urlTemplate\":\"https:\/\/tribunalsuperiortunja.gov.co\/?s={search_term_string}\"},\"query-input\":{\"@type\":\"PropertyValueSpecification\",\"valueRequired\":true,\"valueName\":\"search_term_string\"}}],\"inLanguage\":\"es\"},{\"@type\":\"Organization\",\"@id\":\"https:\/\/tribunalsuperiortunja.gov.co\/#organization\",\"name\":\"Tribunal Superior del Distrito Judicial de Tunja\",\"url\":\"https:\/\/tribunalsuperiortunja.gov.co\/\",\"logo\":{\"@type\":\"ImageObject\",\"inLanguage\":\"es\",\"@id\":\"https:\/\/tribunalsuperiortunja.gov.co\/#\/schema\/logo\/image\/\",\"url\":\"https:\/\/tribunalsuperiortunja.gov.co\/wp-content\/uploads\/2023\/02\/cropped-tribunal-e1675886419375.png\",\"contentUrl\":\"https:\/\/tribunalsuperiortunja.gov.co\/wp-content\/uploads\/2023\/02\/cropped-tribunal-e1675886419375.png\",\"width\":100,\"height\":100,\"caption\":\"Tribunal Superior del Distrito Judicial de Tunja\"},\"image\":{\"@id\":\"https:\/\/tribunalsuperiortunja.gov.co\/#\/schema\/logo\/image\/\"}}]}<\/script>\n<!-- \/ Yoast SEO plugin. -->","yoast_head_json":{"title":"\u00c1rea Servidores - Tribunal Superior del Distrito Judicial de Tunja","robots":{"index":"index","follow":"follow","max-snippet":"max-snippet:-1","max-image-preview":"max-image-preview:large","max-video-preview":"max-video-preview:-1"},"canonical":"https:\/\/tribunalsuperiortunja.gov.co\/?page_id=42","og_locale":"es_ES","og_type":"article","og_title":"\u00c1rea Servidores - Tribunal Superior del Distrito Judicial de Tunja","og_description":"SOLICITUDES DE PERMISOS, COMISIONES O LICENCIAS Con el \u00e1nimo de mejorar nuestros procesos, estandarizaci\u00f3n de solicitudes y mayor eficiencia en las respuestas, se dispuso que la radicaci\u00f3n de sus peticiones de permiso, comisi\u00f3n y licencia se hagan a trav\u00e9s de esta p\u00e1gina. \u00a0 El formulario de solicitud de permisos, \u00fanicamente esta destinado &nbsp;a los Jueces [&hellip;]","og_url":"https:\/\/tribunalsuperiortunja.gov.co\/?page_id=42","og_site_name":"Tribunal Superior del Distrito Judicial de Tunja","article_modified_time":"2026-01-19T21:43:41+00:00","og_image":[{"url":"https:\/\/tribunalsuperiortunja.gov.co\/wp-content\/uploads\/2023\/04\/descarga.png","type":"","width":"","height":""}],"twitter_card":"summary_large_image","twitter_misc":{"Tiempo de lectura":"2 minutos"},"schema":{"@context":"https:\/\/schema.org","@graph":[{"@type":"WebPage","@id":"https:\/\/tribunalsuperiortunja.gov.co\/?page_id=42","url":"https:\/\/tribunalsuperiortunja.gov.co\/?page_id=42","name":"\u00c1rea Servidores - Tribunal Superior del Distrito Judicial de Tunja","isPartOf":{"@id":"https:\/\/tribunalsuperiortunja.gov.co\/#website"},"primaryImageOfPage":{"@id":"https:\/\/tribunalsuperiortunja.gov.co\/?page_id=42#primaryimage"},"image":{"@id":"https:\/\/tribunalsuperiortunja.gov.co\/?page_id=42#primaryimage"},"thumbnailUrl":"https:\/\/tribunalsuperiortunja.gov.co\/wp-content\/uploads\/2023\/04\/descarga.png","datePublished":"2023-02-08T20:10:53+00:00","dateModified":"2026-01-19T21:43:41+00:00","breadcrumb":{"@id":"https:\/\/tribunalsuperiortunja.gov.co\/?page_id=42#breadcrumb"},"inLanguage":"es","potentialAction":[{"@type":"ReadAction","target":["https:\/\/tribunalsuperiortunja.gov.co\/?page_id=42"]}]},{"@type":"ImageObject","inLanguage":"es","@id":"https:\/\/tribunalsuperiortunja.gov.co\/?page_id=42#primaryimage","url":"https:\/\/tribunalsuperiortunja.gov.co\/wp-content\/uploads\/2023\/04\/descarga.png","contentUrl":"https:\/\/tribunalsuperiortunja.gov.co\/wp-content\/uploads\/2023\/04\/descarga.png","width":203,"height":249},{"@type":"BreadcrumbList","@id":"https:\/\/tribunalsuperiortunja.gov.co\/?page_id=42#breadcrumb","itemListElement":[{"@type":"ListItem","position":1,"name":"Portada","item":"https:\/\/tribunalsuperiortunja.gov.co\/"},{"@type":"ListItem","position":2,"name":"\u00c1rea Servidores"}]},{"@type":"WebSite","@id":"https:\/\/tribunalsuperiortunja.gov.co\/#website","url":"https:\/\/tribunalsuperiortunja.gov.co\/","name":"Tribunal Superior del Distrito Judicial de Tunja","description":"Tribunal Superior del Distrito Judicial de Tunja","publisher":{"@id":"https:\/\/tribunalsuperiortunja.gov.co\/#organization"},"potentialAction":[{"@type":"SearchAction","target":{"@type":"EntryPoint","urlTemplate":"https:\/\/tribunalsuperiortunja.gov.co\/?s={search_term_string}"},"query-input":{"@type":"PropertyValueSpecification","valueRequired":true,"valueName":"search_term_string"}}],"inLanguage":"es"},{"@type":"Organization","@id":"https:\/\/tribunalsuperiortunja.gov.co\/#organization","name":"Tribunal Superior del Distrito Judicial de Tunja","url":"https:\/\/tribunalsuperiortunja.gov.co\/","logo":{"@type":"ImageObject","inLanguage":"es","@id":"https:\/\/tribunalsuperiortunja.gov.co\/#\/schema\/logo\/image\/","url":"https:\/\/tribunalsuperiortunja.gov.co\/wp-content\/uploads\/2023\/02\/cropped-tribunal-e1675886419375.png","contentUrl":"https:\/\/tribunalsuperiortunja.gov.co\/wp-content\/uploads\/2023\/02\/cropped-tribunal-e1675886419375.png","width":100,"height":100,"caption":"Tribunal Superior del Distrito Judicial de Tunja"},"image":{"@id":"https:\/\/tribunalsuperiortunja.gov.co\/#\/schema\/logo\/image\/"}}]}},"uagb_featured_image_src":{"full":false,"thumbnail":false,"medium":false,"medium_large":false,"large":false,"1536x1536":false,"2048x2048":false,"post-thumbnail":false,"vantage-thumbnail-no-sidebar":false,"vantage-slide":false,"vantage-carousel":false,"vantage-grid-loop":false},"uagb_author_info":{"display_name":"tunjasoporte","author_link":"https:\/\/tribunalsuperiortunja.gov.co\/?author=1"},"uagb_comment_info":0,"uagb_excerpt":"SOLICITUDES DE PERMISOS, COMISIONES O LICENCIAS Con el \u00e1nimo de mejorar nuestros procesos, estandarizaci\u00f3n de solicitudes y mayor eficiencia en las respuestas, se dispuso que la radicaci\u00f3n de sus peticiones de permiso, comisi\u00f3n y licencia se hagan a trav\u00e9s de esta p\u00e1gina. \u00a0 El formulario de solicitud de permisos, \u00fanicamente esta destinado &nbsp;a los Jueces&hellip;","rttpg_featured_image_url":null,"rttpg_author":{"display_name":"tunjasoporte","author_link":"https:\/\/tribunalsuperiortunja.gov.co\/?author=1"},"rttpg_comment":0,"rttpg_category":null,"rttpg_excerpt":"SOLICITUDES DE PERMISOS, COMISIONES O LICENCIAS Con el \u00e1nimo de mejorar nuestros procesos, estandarizaci\u00f3n de solicitudes y mayor eficiencia en las respuestas, se dispuso que la radicaci\u00f3n de sus peticiones de permiso, comisi\u00f3n y licencia se hagan a trav\u00e9s de esta p\u00e1gina. \u00a0 El formulario de solicitud de permisos, \u00fanicamente esta destinado &nbsp;a los Jueces&hellip;","_links":{"self":[{"href":"https:\/\/tribunalsuperiortunja.gov.co\/index.php?rest_route=\/wp\/v2\/pages\/42","targetHints":{"allow":["GET"]}}],"collection":[{"href":"https:\/\/tribunalsuperiortunja.gov.co\/index.php?rest_route=\/wp\/v2\/pages"}],"about":[{"href":"https:\/\/tribunalsuperiortunja.gov.co\/index.php?rest_route=\/wp\/v2\/types\/page"}],"author":[{"embeddable":true,"href":"https:\/\/tribunalsuperiortunja.gov.co\/index.php?rest_route=\/wp\/v2\/users\/1"}],"replies":[{"embeddable":true,"href":"https:\/\/tribunalsuperiortunja.gov.co\/index.php?rest_route=%2Fwp%2Fv2%2Fcomments&post=42"}],"version-history":[{"count":67,"href":"https:\/\/tribunalsuperiortunja.gov.co\/index.php?rest_route=\/wp\/v2\/pages\/42\/revisions"}],"predecessor-version":[{"id":1763,"href":"https:\/\/tribunalsuperiortunja.gov.co\/index.php?rest_route=\/wp\/v2\/pages\/42\/revisions\/1763"}],"wp:attachment":[{"href":"https:\/\/tribunalsuperiortunja.gov.co\/index.php?rest_route=%2Fwp%2Fv2%2Fmedia&parent=42"}],"curies":[{"name":"wp","href":"https:\/\/api.w.org\/{rel}","templated":true}]}}